{"id":1014,"date":"2020-01-17T11:29:47","date_gmt":"2020-01-17T11:29:47","guid":{"rendered":"http:\/\/www.irishsetter.sk\/?page_id=1014"},"modified":"2024-03-20T07:04:55","modified_gmt":"2024-03-20T07:04:55","slug":"litter-g","status":"publish","type":"page","link":"https:\/\/www.irishsetter.sk\/?page_id=1014","title":{"rendered":"LITTER G"},"content":{"rendered":"<p>Birth of puppies: 17.08.2003<\/p>\n<p>Father: Kris-Wonderstar von der Igalffy-Igaly \u00a0 Mother: Cinderella Jay Slovak Base<\/p>\n<p>Born 9 puppies, 6 males and 3 females<\/p>\n<p>Dogs:<\/p>\n<p>Giggly Boy Jay Slovak Base, tet.\u010d.: 1529, UHYNUL, owner: Jaroslav Filip, \u017dda\u0148a<\/p>\n<p>Gulliver Jay Slovak Base, tet.\u010d.: 1530<\/p>\n<p>Gigolo Jay Slovak Base, tet.\u010d.: 1531<\/p>\n<p>Garcia Jay Slovak Base, tet.\u010d.: 1533, owner: Monika Franta, Rak\u00fasko<\/p>\n<p>Gipsy-King Jay Slovak Base, tet.\u010d.: 1534, owner: Veronika Bab, Bratislava<\/p>\n<p>Gay Jay Slovak Base, tet.\u010d.: 1537<\/p>\n<p>Famales:<\/p>\n<p>Gallina Jay Slovak Base, tet.\u010d.: 1532<\/p>\n<p>Ginger Jay Slovak Base, tet.\u010d.: 1535<\/p>\n<p>Grenada Jay Slovak Base, tet.\u010d.: 1536, owner: Jan Kova\u010dik, Czech Republic<\/p>\n","protected":false},"excerpt":{"rendered":"<p>Birth of puppies: 17.08.2003 Father: Kris-Wonderstar von der Igalffy-Igaly \u00a0 Mother: Cinderella Jay Slovak Base Born 9 puppies, 6 males and 3 females Dogs: Giggly Boy Jay Slovak Base, tet.\u010d.: 1529, UHYNUL, owner: Jaroslav Filip, \u017dda\u0148a Gulliver Jay Slovak Base, tet.\u010d.: 1530 Gigolo Jay Slovak Base, tet.\u010d.: 1531 Garcia Jay Slovak Base, tet.\u010d.: 1533, owner: [&hellip;]<\/p>\n","protected":false},"author":4,"featured_media":0,"parent":0,"menu_order":0,"comment_status":"closed","ping_status":"closed","template":"","meta":{"footnotes":""},"_links":{"self":[{"href":"https:\/\/www.irishsetter.sk\/index.php?rest_route=\/wp\/v2\/pages\/1014"}],"collection":[{"href":"https:\/\/www.irishsetter.sk\/index.php?rest_route=\/wp\/v2\/pages"}],"about":[{"href":"https:\/\/www.irishsetter.sk\/index.php?rest_route=\/wp\/v2\/types\/page"}],"author":[{"embeddable":true,"href":"https:\/\/www.irishsetter.sk\/index.php?rest_route=\/wp\/v2\/users\/4"}],"replies":[{"embeddable":true,"href":"https:\/\/www.irishsetter.sk\/index.php?rest_route=%2Fwp%2Fv2%2Fcomments&post=1014"}],"version-history":[{"count":2,"href":"https:\/\/www.irishsetter.sk\/index.php?rest_route=\/wp\/v2\/pages\/1014\/revisions"}],"predecessor-version":[{"id":1177,"href":"https:\/\/www.irishsetter.sk\/index.php?rest_route=\/wp\/v2\/pages\/1014\/revisions\/1177"}],"wp:attachment":[{"href":"https:\/\/www.irishsetter.sk\/index.php?rest_route=%2Fwp%2Fv2%2Fmedia&parent=1014"}],"curies":[{"name":"wp","href":"https:\/\/api.w.org\/{rel}","templated":true}]}}